. Suppose -9*i - 48 = -r*i. Let v = 69 - i. Is v composite?
False
Suppose -3*d + 5440303 = -2*z, 2*d - 403*z - 3626857 = -404*z. Is d prime?
False
Let m(g) = 1443*g + 3491. Is m(0) a prime number?
True
Let n(d) = -5*d - 72. Let v be n(-16). Let w be ((-2020)/v)/((-3 - -7)/(-48)). Suppose 0*l - 10*l = -w. Is l composite?
True
Let z = 298 + 102. Is (z/(-15) - -3)*-69 prime?
False
Suppose -q - 4*y + 2*y = -8277, 5*y + 25 = 0. Is q a composite number?
False
Suppose 4*l = 3*t - 87709, -4*t = 2*l - 138051 + 21069. Is t prime?
True
Let y(w) = -w + 16. Let r be y(6). Let m(l) = l**2 - 11*l + 13. Let f be m(r). Is (-263)/(-3)*(7 - 6)*f prime?
True
Suppose -54 = -2*p - 4*o - 10, -4*p + 4*o = -112. Suppose 19*v + 2233 = p*v. Is v prime?
False
Let n = 1053950 - 704323. Is n prime?
False
Suppose -3*q + 42*k + 1 = 46*k, 3*q + 3*k = 6. Suppose q*t - 49992 = -9539. Is t a prime number?
True
Suppose 3*i - 27*d - 227271 = -30*d, -d - 151532 = -2*i. Is i a composite number?
True
Let a(z) = 3013*z - 11. Let u be a(-8). Is u/(-2) + (-14)/28 a prime number?
False
Let h(l) = l - 8. Let o be h(9). Let m be 3 + -4 + 8/o. Suppose m*r = -696 + 2761. Is r prime?
False
Let r = 1672568 - 925765. Is r a composite number?
True
Let r = -129 - -135. Suppose 14*a = r*a + 16424. Is a composite?
False
Is (((-423483)/(-5) - (-25)/(-250)) + 3)*2 prime?
True
Suppose 6*x + 6035 = 34253. Is (-4)/32*-8*x a prime number?
True
Let u be (128/80)/(2/9015). Let p = u - 3905. Is p prime?
True
Let d be (-4)/2 + 0/5. Is (-9329)/19*(d - (0 - 1)) a composite number?
False
Let c = -25 - -27. Suppose 135 = -c*b + 3*r, -5*r + 82 - 363 = 4*b. Let i = b + 152. Is i composite?
False
Let s = 53 - 55. Let b be (1/((-2)/16))/s. Is 476 - b/(-8)*6 composite?
False
Is ((-1)/8*-7976)/((-4)/(-244)) a composite number?
True
Let f(o) = 201*o - 55. Let x(l) = -15*l - 144. Let q be x(-10). Is f(q) composite?
False
Suppose 3*f = -9, -4*f = -35*o + 33*o + 173858. Is o a composite number?
False
Let f(n) = 56*n**2 + 48*n + 665. Is f(39) a composite number?
True
Let u = 5158 + 12241. Is u prime?
False
Let s(d) = 6222*d**2 - 8*d - 17. Is s(-5) composite?
True
Let w = -6 + 6. Let u(y) = -3*y - 332. Let d(i) = i + 111. Let s(p) = 7*d(p) + 2*u(p). Is s(w) a composite number?
False
Let m = 80265 + -29768. Is m prime?
True
Suppose 88106 = -19*t - 110501. Let r = t + 21650. Is r composite?
False
Let o(y) = -16*y - 423*y + 12 - 9. Is o(-4) prime?
True
Suppose 3 + 4 = 4*f - 5*u, -5*u = 4*f - 17. Let w = f + 8. Suppose 352 = 2*t + o, 3*t - 522 - w = o. Is t a prime number?
False
Let y(b) = b**3 - 9*b**2 + 13*b + 5. Let a(t) = t**3 - 10*t**2 + 12*t + 5. Let z(q) = 6*a(q) - 5*y(q). Is z(18) a composite number?
False
Let g(p) = 112*p**2 + 61*p - 21. Is g(22) composite?
False
Let a(w) = -w**3 - 12*w**2 - 3*w + 7. Let z be a(-12). Suppose -4*k + z - 35 = 0. Is k*(-1 - 2202)*(-1)/2 a prime number?
True
Suppose -8*i + 14*i = 18. Is 29826/12*2/i prime?
True
Let x(w) = 19*w**3 + 16*w**2 - 58*w - 26. Is x(4) a prime number?
False
Suppose -34*o = -39*o + 35, 3*d - 121175 = -2*o. Is d prime?
True
Suppose -i + 21924 = -2*u + 81960, 5*u + 5*i = 150075. Is u prime?
False
Let b(i) = i**3 - 4*i**2 + 9*i - 2. Let k be b(3). Suppose -48274 = -7*r - 7247. Suppose -r = -k*n + 4619. Is n prime?
False
Let m = 100 - 96. Let x(u) = 1045*u**2 + 27*u - 87. Is x(m) a composite number?
False
Suppose z - 3*z = 4*h + 10, -2*h + 3*z + 15 = 0. Suppose 3*t + 83 - 14 = h. Let a(f) = f**3 + 34*f**2 + 18*f - 38. Is a(t) prime?
False
Let n(j) = 416*j**2 - 60*j + 531. Is n(11) composite?
False
Suppose 2*a = 3 - 1. Let f be (3/(30/(-8)))/(26/(-65)). Is f + a + (4 - -50) a prime number?
False
Let p(c) = 15486*c - 329. Is p(4) prime?
False
Suppose 3*x - 25624 = -1120. Suppose -4*b - 6151 = -3*s, -s - 3*s + x = 3*b. Is s a composite number?
True
Is (588398*-4*5/(-80))/((-5)/(-10)) prime?
True
Let n = -175541 - -303684. Is n prime?
False
Let s be 180/(-45) + 9 + 0. Suppose x + 1879 = 4*x - 2*h, 0 = 4*x - s*h - 2496. Is x composite?
True
Is 1/(-15) - (-1862688916)/9015 a composite number?
True
Let g(p) = p**2 - 12*p - 10. Let b be g(12). Let z be (b + -123 - (-1 - 3)) + 3. Let o = z + 185. Is o prime?
True
Is (-33 + 26)/(21/(-462291)) a composite number?
False
Let c(j) = 763*j**2 - 27*j - 93. Is c(-11) composite?
True
Suppose -23*y - 2*f = -802043, -2*y - 12*f + 69737 = -13*f. Is y a composite number?
False
Is (-169586)/(1*(8 + -4 + -5)) a prime number?
False
Let a(g) = -4032*g + 107. Is a(-25) a prime number?
True
Suppose -u - 2*w + 4 = 0, -5*w = -2*u - 3*u + 95. Suppose u = 7*b - 0. Suppose -n = -4, -p + 4*p - b*n = 997. Is p a prime number?
False
Let v = 560620 - -192309. Is v prime?
True
Let q(s) = 1349*s**2 + 66*s - 196. Is q(3) a composite number?
False
Suppose 49*d + 73869 - 337538 = 0. Is d a prime number?
True
Suppose 0 = 9*z - 3*z - 18. Suppose -z*w = -0*w - 12. Suppose 6*i - 3156 = 3*i + 3*x, -2*i - w*x = -2086. Is i composite?
False
Let h(i) = -3*i - 47. Let u be h(-17). Suppose -3*r + 10818 = 2*r - 2*k, -3*r = -u*k - 6488. Let j = r + -587. Is j composite?
True
Let a = 8286 - 5364. Let j = -1771 + a. Is j composite?
False
Suppose 5*v = 4*r + 497626, v - 10115 - 89415 = -4*r. Suppose v = 18*a - 2768. Is a prime?
True
Let f(p) = 11*p**2 + 17*p + 13. Let l be f(-11). Let b = 2904 - l. Suppose -2*u + b = -v + 2*v, -v + 876 = u. Is u composite?
True
Let n = 49 + 174. Suppose -g = n - 1977. Suppose 0 = -3*r + 5*r - g. Is r prime?
True
Let c(p) = -29*p**3 + 3*p**2 - 17*p + 6. Let x = 147 - 152. Is c(x) prime?
False
Let a be (-9)/(-6)*(-50)/(-3). Suppose -11*n = -16*n + a. Suppose -3548 = h - n*h. Is h prime?
True
Suppose -125*g = -131*g - 60. Is 12451 + g/15*3 composite?
True
Let j = -12 + 12. Suppose j = -4*n + 4*v + 3336, -2*v + 694 = 2*n - 994. Suppose -243 = 2*b - n. Is b prime?
False
Suppose m - 20 = 4*d, 2*m - 4*d = -d + 20. Suppose -m*v = 598 - 2870. Let n = v + 135. Is n prime?
False
Let r(w) = 39*w**2 - 58*w - 1635. Is r(104) a composite number?
False
Let t be 8/(-6 + 2)*-228. Suppose 2*p + 4*q = -0*q + 326, t = 3*p - 5*q. Suppose -4*u = -5*u + p. Is u a prime number?
True
Let u be (-2468)/6*(-441)/42. Suppose 3*m + 9*y = 8*y + u, 5*y = 3*m - 4307. Is m prime?
True
Suppose -5*b = 4*r - 35, 0 = -b - 4*r + 39 - 16. Is ((-42414)/(-4))/(b/2) a composite number?
False
Let x = 150 - 129. Suppose -5*q + 5*t = -16470, -x*q - 2*t = -25*q + 13186. Is q a composite number?
False
Let q(r) = 494*r**2 - r - 1. Suppose -2*a + 5*k + 14 = 0, 5*a - 21 = 2*k - 7. Is q(a) composite?
False
Suppose 21*w - 1899 + 52404 = 0. Let c = -1267 - -5677. Let n = c + w. Is n a composite number?
True
Let u(c) = 107*c**3 + 2*c**2 + 4*c. Let g(w) = w**3 + 2*w**2 - 7*w + 3. Let d be g(2). Is u(d) composite?
True
Suppose -3290 = -2*h + 4*l, 3*h + 4*l - 5 = 4970. Let b be (-1)/((-1)/3360) - -2. Let i = b - h. Is i a prime number?
True
Let r(x) = -2*x**3 + 5*x**2 - 3*x + 3. Let t be r(3). Let s(z) = -z - 32. Let d be s(t). Let w(u) = -u**3 - 13*u**2 + 25*u + 14. Is w(d) a prime number?
False
Let q(z) = z**2 + 7*z + 14. Let p be q(-2). Suppose -2*n - 7*s = -2*s + 1, p*s - 20 = 0. Is (n/(-4) - 4)*-4 prime?
True
Let v = 340 + -286. Suppose 530130 = -24*l + v*l. Is l prime?
False
Let g = -74 - -79. Suppose 6 = g*q - 14. Suppose p - 9577 = -3*p + 3*o, q*o = -3*p + 7189. Is p composite?
True
Let k = 4 - 6. Let s be k + 4 - 7/((-7)/2). Suppose -1341 = -2*p + 5*u, s*p - 2*u = -634 + 3324. Is p a prime number?
True
Let b = 363 + -360. Suppose 0 = -4*n + 4*x + 11908, 2*x - x = -b*n + 8915. Is n a prime number?
False
Suppose -8*d - 220 = 14*d. Is (-2525)/d + 3/6 prime?
False
Let r = 76919 + -48247. Suppose 6*p - r = 27278. Suppose 8*w - 3*w - p = 0. Is w prime?
False
Let f be (-1*3 - (-264)/110)*-30. Is (0 + (-7494)/f)*-3 composite?
False
Let t = 38961 - -1203100. Is t a prime number?
True
Is 3 + -2 + 2*-2 - (-205869 - 13) a prime number?
True
Suppose 878 = 5*h - 3*v - 9880, 3*v + 6456 = 3*h. Suppose 67*c = 70*c - h. Suppose 1476 = 3*i - c. Is i prime?
False
Suppose 0 = -3*t + 285 + 471. Suppose -t = -18*z + 414. Is z prime?
True
Let g = 44227 - 23995. Let z = -10153 + g. Is z a composite number?
False
Let c be 11907/(-6)*24/(-18). Suppose 1316 = -2*t - 2*x, 8*t - 3*x = 4*t - c. Let u = t - -967. Is u